. Calculate the highest common divisor of l and 21.
7
Let d be 8 + 2 + -4 + 2. Let c be 80/(-25)*(-19 + 9). What is the highest common factor of c and d?
8
Suppose 3 = -j + 4. Let r = j + 5. Let f = -197 + 206. Calculate the highest common factor of f and r.
3
Let l = -3045 - -3063. Calculate the highest common divisor of l and 1746.
18
Let l(q) = q - 15. Let x be l(13). Let j be (x - 1) + -14 + 25. What is the greatest common divisor of 88 and j?
8
Suppose 0*l = 4*l - 40. Let x = -550 + 610. What is the greatest common factor of l and x?
10
Suppose -12*k - 10*k = -5148. What is the highest common factor of k and 126?
18
Suppose 2*y + u - 6*u - 165 = 0, 3*y + 4*u = 282. Suppose -5*x - y = 5. Let d = x - -50. Calculate the highest common divisor of 93 and d.
31
Let u(c) = -2*c + 24. Let w be u(12). Suppose -2*a + 5*n = -150, a - n - 3*n - 72 = w. What is the highest common divisor of 10 and a?
10
Let v = 481 + -430. What is the greatest common divisor of 272 and v?
17
Let c(i) = -i - 27. Let o be c(-9). Let k = 34 + o. What is the highest common factor of 80 and k?
16
Suppose -167*p + 158*p = -126. What is the highest common factor of 49 and p?
7
Suppose q = -4*q - 275. Let x be (60/(-50))/(1/q). What is the greatest common divisor of x and 6?
6
Suppose 10*c = 81 + 1179. Suppose c = 6*l - 144. Let w be 2/7 + 624/21. Calculate the greatest common divisor of l and w.
15
Let s = -294 - -532. Suppose -m - g + 351 = 2*m, 2*m + 2*g = s. Calculate the greatest common divisor of 29 and m.
29
Let s = 133 + -131. Calculate the greatest common divisor of s and 8.
2
Suppose 0 = 4*c - 4*i - 172, 2*c - 40 = -5*i + 81. Let j = -44 + c. Calculate the highest common factor of 32 and j.
4
Let z be 1/(-5) - 243/(-15). Let x be 3 + -3 - z - 2. Let v = -17 - x. Calculate the greatest common factor of 1 and v.
1
Suppose 18*f - 46*f + 1344 = 0. What is the highest common factor of f and 33?
3
Suppose 5*g + 3*q - 5*q - 2935 = 0, 5*g - 2935 = -q. Suppose 0 = -9*f + g - 20. What is the greatest common factor of f and 7?
7
Suppose -3*p + 1 = -5. Let y be (p - 2) + (49 - -1). Suppose 2*t = -5*c + 5*t + 88, -4*t = -c + 4. Calculate the greatest common divisor of y and c.
10
Let x(y) = -y**2 - 5*y - 7. Let f be x(-8). Let c(g) = -43*g**2. Let i be c(-1). Let k = f - i. Calculate the highest common factor of k and 24.
12
Let w(r) = -4*r - 7. Let z be w(-11). Suppose -2*j + j = n + 13, 0 = -j + 5*n - z. Let u = 20 + j. Calculate the greatest common divisor of 15 and u.
3
Let w be (2/7)/(1/14). Suppose 3*k = w*d + 146, 2*k + 3*d = 83 - 14. Let b(r) = r**2 - 3*r + 6. Let m be b(0). What is the greatest common divisor of m and k?
6
Let n be (2 - -4)*(-1 + 1 - -6). What is the highest common divisor of n and 36?
36
Suppose 2*z = 3*w + 84, 11 + 209 = 5*z - 5*w. Let j(o) = -7*o - 37. Let y be j(-8). Let t = y - 13. Calculate the greatest common factor of t and z.
6
Let j(b) = 55. Let n(w) = w - 54. Let p(f) = 4*j(f) + 3*n(f). Let s be p(-14). What is the greatest common factor of s and 16?
16
Let m = -222 - -228. Calculate the highest common divisor of 96 and m.
6
Let x be (3/(-2))/((-3)/(-4)). Let u be 3/(2 - 5)*x. Suppose -2*g = -5*y - 1, g - 4 + u = y. Calculate the highest common factor of 11 and y.
1
Suppose -495 - 2277 = -28*t. Calculate the highest common factor of 55 and t.
11
Suppose 29*t = 33*t - 9396. Calculate the greatest common divisor of t and 29.
29
Let s = -119 + 191. Let z be (-15)/(-2) + (-30)/20. Suppose 4*h - z*h + 48 = 0. What is the highest common divisor of h and s?
24
Suppose 4*i = -3*m + 31, -3*m + 7 = 3*i - 20. Let c be (-2)/(-2)*7 + i - 1. Calculate the greatest common divisor of c and 80.
10
Let n be 1 + 0 + 2/(-4)*8. Let h be n*(-3)/(-3) + (0 - -32). What is the highest common factor of 87 and h?
29
Let i(h) = -h**2 - 42*h + 23. Let u be i(-41). Let v(p) = 2*p**3 - p**2 - 2*p. Let y be v(2). Calculate the highest common divisor of y and u.
8
Let c be 34/2 - (-3 + -2). Let n = c + 2. Suppose 8 = y + 4. Calculate the greatest common divisor of y and n.
4
Suppose -29*b + 546 + 2093 = 0. Calculate the greatest common factor of b and 26.
13
Let j be (12/8)/(1 - (-75)/(-78)). Let v = 40 - j. Calculate the greatest common divisor of 13 and v.
1
Let p(x) = x**2 + 34*x + 235. Let q be p(-9). What is the highest common factor of 10 and q?
10
Let w be 2/8 - 39/12. Let l be (-10)/3*w - 0. Let g be l - 0/((-20)/(-5)). Calculate the highest common factor of g and 90.
10
Let u(r) = 21*r**2 + 2*r + 1. Let y be u(-1). Let w be ((-24)/y)/(-3) + 628/5. What is the greatest common factor of 18 and w?
18
Let x(h) = h - 9. Let w be x(9). Suppose -2*a - 442 = -2*m, -2*m + 4*a + a + 445 = w. Calculate the greatest common factor of 20 and m.
20
Let x(g) = -g**3 + 7*g**2 - 3*g - 5. Let t be x(6). Let v(o) = -2 + 2*o**2 + 9*o + 12 - 1. Let r be v(-8). Calculate the greatest common factor of r and t.
13
Let n(g) = 30*g**3 + 3*g**2 - 3*g + 2. Let f be n(1). Let x = -4 - -4. Let r(p) = p**3 - p + 4. Let k be r(x). What is the highest common factor of k and f?
4
Suppose -5*k + 3*s + 131 + 110 = 0, k = -2*s + 56. Let j be 146/(-10) - (-28)/(-70). Let t = j - -40. What is the highest common factor of k and t?
25
Suppose -5*x + 1536 = 3*h, -2*h = 2*h + 2*x - 2048. Suppose 4*d - 48 = h. What is the highest common factor of d and 35?
35
Suppose -4*m = 10*m - 336. Let a(r) = 21*r - 3. Let b be a(3). Calculate the highest common divisor of b and m.
12
Let m = 99 + -50. Suppose 4*b - 50 = -3*l - 0*l, -3*l - 5*b + m = 0. What is the greatest common factor of l and 36?
18
Suppose 3*s - 5*l = 316, 6*s = 8*s - 3*l - 210. Calculate the greatest common factor of s and 6.
6
Suppose 0 = 2*r - u + 1 + 1, -3*u = r - 13. Let c be (12/(-30))/(r/(-15)). Let g be 0 - (c/2 + -12). What is the greatest common factor of 99 and g?
9
Suppose -25 = -4*j + 7. Let n be 724/14 + 2/7. Let f = 76 - n. What is the highest common divisor of f and j?
8
Suppose z - 2*z = -4. Suppose 12*y = 7*y + 3*x + 46, 2*y - 2*x = 20. Calculate the greatest common factor of z and y.
4
Suppose 4*z - 19 - 9 = 0. Suppose o = z*o - 510. What is the highest common divisor of o and 34?
17
Suppose -65 = -8*d + 7. What is the greatest common divisor of 207 and d?
9
Let q = -701 + 722. Calculate the highest common divisor of 266 and q.
7
Let k(p) = p**3 + 8*p**2 - 12*p - 34. Let x be k(-7). Calculate the highest common factor of 36 and x.
9
Let p be 16/24*(-69 + 0). Let g = 68 + p. Calculate the highest common divisor of 33 and g.
11
Let p = -270 - -518. Suppose -2*f + p = 92. Calculate the greatest common divisor of f and 13.
13
Suppose 30 = 27*u - 22*u. Let a be (u/15)/(4/40). Calculate the highest common factor of 6 and a.
2
Suppose 3*t + 2*t - 90 = 0. Suppose -3*g + 3*d = d - 430, 2*g - 286 = 2*d. What is the highest common factor of t and g?
18
Let m = 650 - 590. What is the greatest common factor of m and 75?
15
Let t be 965 + (-2 + -3)/(-5 + 6). Calculate the greatest common factor of t and 15.
15
Suppose s + 2 = 3*s. Let o(k) = k - 2. Let w be 4/5*(9 + (1 - 0)). Let f be o(w). What is the highest common divisor of f and s?
1
Suppose 175 = 3*x + 37. Let c = -16 + x. What is the highest common divisor of c and 12?
6
Suppose 0 = 13*n - 12*n - c + 3, 0 = -n - 5*c + 3. Let u be ((-1)/n)/(2/(-12)) - -20. Let k = 25 - 8. What is the greatest common factor of k and u?
17
Suppose 0 = 14*g - 656 + 54. What is the greatest common divisor of 559 and g?
43
Let v(s) = s**3 - 20*s**2 + 4*s + 81. Let g be v(20). Calculate the highest common divisor of g and 7.
7
Suppose 220 = -5*v - 5*t, 2*t - 18 - 158 = 4*v. Let h = -38 - v. Let w be 2/h - 789/(-9). What is the highest common factor of 8 and w?
8
Let g(p) = 5*p**3 - p**2 - p. Let r be g(2). Suppose -14 = -2*a + r. Suppose 7*h - 10*h = -a. Calculate the highest common divisor of h and 2.
2
Suppose -166*c + 6768 = 1622. Let p = 131 - -148. Calculate the greatest common divisor of c and p.
31
Let v be 1 + 1 + 352 + -30. Calculate the greatest common factor of 9 and v.
9
Suppose -2*f - 1 - 87 = 0. Let j = f + 45. Calculate the greatest common divisor of j and 1.
1
Let f(w) = w**3 + 9*w**2 + 9*w + 7. Suppose -l - 14 = -7. Let u be f(l). Calculate the highest common divisor of u and 12.
6
Let z = 6 